
Suppose 2*a = -2*a + 384. Let g = 18 - 6. What is the highest common divisor of a and g?
12
Suppose -2924 = 50*k - 54*k. What is the greatest common divisor of 17 and k?
17
Suppose -4*b = -5 + 41. Let r = b - -19. Suppose 0 = j + 3 - 8. What is the greatest common divisor of j and r?
5
Let w be 76/(-1) + -4 + 5. Let j = -54 - w. Let b = 4 + -1. What is the greatest common divisor of b and j?
3
Let k be -12*4/(-312) + (-204)/(-26). Calculate the greatest common divisor of k and 96.
8
Let c be (1379/(-21) + -3)/((-2)/9). What is the greatest common factor of 412 and c?
103
Suppose -112*m + 1980 = -22*m. What is the greatest common divisor of m and 209?
11
Let m be -245*(42/15 + -3). Suppose g - 2*g - 8 = 0. Let u = g - -15. What is the greatest common divisor of m and u?
7
Suppose 3*j + 3*j = 120. Suppose 15*b + 90 = j*b. Calculate the greatest common divisor of b and 27.
9
Let l(y) = -13*y**3 - 3 - 45*y**2 + 4 + 43*y**2. Let p be l(-1). Suppose -2*k + 8 = -p. What is the highest common divisor of 30 and k?
10
Suppose -k + 204 = 5*r, -5*k = 5*r - 141 - 79. Suppose -7*h - 2*x = -3*h - 160, -r = -h + 3*x. Calculate the greatest common divisor of 8 and h.
8
Let q(w) = 2*w - 14. Let v be q(8). Suppose -v*p + 0 = 60. Let i be (-1)/(-2) - 4185/p. Calculate the greatest common divisor of i and 20.
20
Let n be -8 - -60 - (1 + -4). Calculate the greatest common factor of 33 and n.
11
Let x be -1166*((-24)/6)/8. Calculate the greatest common factor of x and 53.
53
Let y be 3*(4/3 - 3). Let b = y - -11. Let s be b/(-14) + 341/77. Calculate the greatest common divisor of s and 4.
4
Suppose 0 = 3*s - 5*a - 55, -6*a + 120 = 4*s - a. Let q = 18 + -8. Calculate the greatest common divisor of s and q.
5
Suppose 13*k - 318 = 345. Let v(w) = w**3 - 5*w**2 - 4. Let t be v(5). Let s be t/18 + (-310)/(-18). Calculate the highest common factor of s and k.
17
Suppose -m + 4*w = -12, -191*w - 39 = -m - 196*w. Let n(g) = -g**2 - 8*g + 6. Let k be n(-6). What is the highest common factor of m and k?
6
Let w = 278 - 47. What is the greatest common divisor of 105 and w?
21
Suppose -5*n - 2*k = -120, -4*k + 4 = -16. What is the greatest common divisor of 121 and n?
11
Suppose -1205 - 2365 = -6*i. What is the greatest common factor of i and 35?
35
Let f be 67/3 - (-2)/(-66)*11. What is the greatest common divisor of 1826 and f?
22
Suppose -2*p + 70 = -4*w, -40 = 5*w - w + 4*p. Let z be (44/6)/(w/(-90)). Calculate the highest common divisor of 4 and z.
4
Let h be 1054/(-51)*(5/(-2) - -1). Suppose 4*f = -f + 4*i + 759, 294 = 2*f - 4*i. Calculate the highest common factor of f and h.
31
Suppose 5*u - 4*n - 1202 = 0, 14*u - 19*u = 3*n - 1216. Suppose 4*h - 20 = 0, 5*h - 165 = -5*q - 30. What is the greatest common divisor of u and q?
22
Let g(d) = -31*d - 4. Let b be g(-4). Calculate the highest common factor of 240 and b.
120
Suppose -14*i + 325 + 123 = 0. Calculate the highest common divisor of i and 64.
32
Let h(i) = -28*i - 4. Let p be 1 - -1 - 18/6. Let b be h(p). Calculate the greatest common factor of 8 and b.
8
Suppose v = -2*v + 30. Let z(p) = 2*p + 8. Let k be z(-10). Let q be k/(-9)*(15 - 0). Calculate the greatest common factor of q and v.
10
Let h be -6*(-44)/18*-3. Let i be h/4*2*-4. Calculate the greatest common divisor of 22 and i.
22
Let j(r) = 10*r**2 - 17*r + 97. Let z be j(4). Calculate the greatest common divisor of z and 27.
27
Suppose 17 = 4*g - 19. Suppose -4*i + 6*u = 2*u, 2*u + g = 5*i. Calculate the highest common divisor of i and 3.
3
Let j(r) = r - 3. Let q be j(7). Suppose 4*x - 29 - 3 = 0. Suppose 0 = 2*g - x, 0*g + q*g = 2*n - 152. What is the highest common factor of 14 and n?
14
Let n = -4 - -64. Calculate the highest common factor of 420 and n.
60
Let w(b) = b**3 + 5*b**2 - b + 15. Let n be 0 + ((-102)/24 - 9/12). Let z be w(n). What is the highest common factor of z and 220?
20
Suppose -2*l = 4*k - 74, 0 = -k - l + 14 + 7. Suppose m + k = 5*m. Suppose -756 = -22*i - 52. What is the greatest common divisor of m and i?
4
Let i = 24 + -16. Let u(j) = -3*j**2 + j + 31. Let f be u(6). Let s = f + 72. Calculate the greatest common divisor of i and s.
1
Let a(p) = p**2 - p - 1. Suppose -l = -4*l. Suppose j + 4*v - 13 = l, v - 8 = -v. Let x be a(j). What is the greatest common divisor of x and 55?
11
Let l(k) = 131*k + 950. Let f be l(-7). Calculate the highest common factor of 484 and f.
11
Let v be 1 + 1*4 + -9 + 3. Suppose -5*u + 5*l = 415, 5*u + 3*l - 5*l = -406. Let s be (u/32)/(v/6). What is the greatest common divisor of 60 and s?
15
Let b(n) = n - 20. Let p be b(25). What is the highest common divisor of p and 55?
5
Let t = -138 + 69. Let o = t - -129. Suppose -4*s + 3*c + 44 = c, 5*c = 5*s - o. Calculate the highest common factor of 40 and s.
10
Let c be (3 - 5)*(1/2 + 0). Let y be ((-3)/c)/(8/24). Calculate the greatest common factor of 63 and y.
9
Let a = -115 + 137. Calculate the greatest common factor of 198 and a.
22
Suppose -17*g + 61 = -58. Calculate the greatest common divisor of 77 and g.
7
Let i = 19 - 14. Calculate the highest common divisor of 5 and i.
5
Suppose 138 = 5*y + 4*q, 2*y - q + 117 = 6*y. What is the greatest common factor of 10 and y?
10
Let d = 1449 + -1399. Calculate the greatest common divisor of 90 and d.
10
Let i(g) = -8 + 5*g + 5*g - 19*g. Let y be i(-4). What is the greatest common divisor of 56 and y?
28
Let s be (7 - (-12 - -9)) + 0. Suppose 3*n = 3*x + x + 4, n = 3*x - 2. Calculate the greatest common divisor of s and x.
2
Let t = 2 + 11. Suppose 780 = 2*p + 13*p. What is the greatest common divisor of t and p?
13
Suppose 55*u + 486 = 73*u. Calculate the highest common divisor of u and 891.
27
Let l = -83 - -132. What is the greatest common divisor of 539 and l?
49
Let s(d) = 3*d**2 - 16*d - 6. Let i be s(7). Calculate the greatest common factor of i and 435.
29
Suppose 4*h + 279 = 3*o, -2*o + 16*h = 19*h - 203. Calculate the highest common factor of 1843 and o.
97
Suppose -10*x - 536 + 946 = 0. What is the highest common divisor of 451 and x?
41
Let j(r) = 15*r**2 + 14*r + 60. Let c be j(-7). What is the greatest common factor of 82 and c?
41
Let f(l) = 21*l + 10. Let p be f(2). What is the greatest common divisor of p and 52?
52
Suppose -5*h + 127 = -16*m + 19*m, 2*m - 118 = 5*h. What is the greatest common divisor of 21 and m?
7
Suppose 9 = -4*q + 97. Let p = -21 - -23. Suppose f - 3*v = 2 + 15, -2*f = p*v + 6. Calculate the greatest common divisor of f and q.
2
Let o(v) = -v**2 - 9*v. Let d be o(-12). Let p be 8/d + 222/27. Calculate the highest common divisor of 8 and p.
8
Suppose -4*u - 4*w = 1 - 29, 0 = -5*u - 3*w + 25. Suppose 3*n - 1239 = u*j, -5*n = 3*j - 1228 - 837. What is the greatest common factor of 59 and n?
59
Let y be (-1)/(2/(-6) - 0). Suppose -n = 5*i - 118, -3*n = y*i - 26 - 40. Let o = 393 + -389. What is the greatest common factor of o and i?
4
Let j(k) = -5*k**2 + 2*k**2 - 4 + k**3 + 4*k**3 - k**2 + 5*k. Let w be j(2). Calculate the greatest common divisor of w and 10.
10
Let m(r) = r**3 - r**2 - r + 27. Let k be (19 - 18)*(1 - 1). Let u be m(k). Let f be (2/4)/(1/6). What is the greatest common divisor of u and f?
3
Let n be 4*4/32*416. Suppose -17*w + n = -13*w. Calculate the highest common factor of 39 and w.
13
Let z be (0 - 1)/((-5)/165). Let f = -17 + z. Calculate the highest common factor of 128 and f.
16
Let g = 36 + -1. Let z = -30 + g. What is the highest common divisor of z and 45?
5
Let d be (-6)/9*(5 - -1). Let f be ((-69)/(-6))/(d/(-8)). Calculate the greatest common factor of 253 and f.
23
Suppose -1891 = -9*h - 1621. Suppose 0*q = 3*q - 990. Calculate the highest common divisor of h and q.
30
Let w = -20 + 16. Let h be w/32*-50*28. What is the greatest common factor of 25 and h?
25
Let z(n) = -3*n**2 + 65*n - 21. Let j be z(15). What is the highest common divisor of 18 and j?
9
Let w = 100 + -50. What is the greatest common factor of 60 and w?
10
Let v be 1*21/12*32. Suppose 0 = -3*q + 11 + 10. What is the greatest common divisor of v and q?
7
Let j(c) = 34*c - 2. Let m be j(2). Suppose 4*r - 3*b = 21, -2 - 33 = -5*r + 2*b. Let o be 2 + -6*(-6)/r. Calculate the greatest common divisor of m and o.
6
Suppose -2*o = -7*o - 60. Let p = 10 + o. Let h be p/(-5) - 1584/(-